2*n - 31 + 1. Suppose 3*q - 4*z = -0*q + 164, 4*z - 256 = -4*q. Suppose -5*t + q = -n. Calculate the remainder when t is divided by 4.
3
Let p = -133 + 124. What is the remainder when 11/(-9) + 1 - 776/p is divided by 30?
26
Suppose 5*b - 418 = -53. Let v = -45 + b. Let h = -42 - -57. What is the remainder when v is divided by h?
13
Let k = -33 - -35. Suppose 5*y = -k*y + 266. Calculate the remainder when y is divided by 14.
10
Let a = 3 + -68. What is the remainder when 37 is divided by (-516)/(-26) + (-10)/a?
17
Let p = -816 + 867. Calculate the remainder when 304 is divided by p.
49
Suppose -3 = -2*r + 3. Suppose 3 = -2*k + r*k. Suppose -2*w = k*w - 40. Calculate the remainder when w is divided by 4.
0
Let r = -306 - -428. Calculate the remainder when r is divided by 121.
1
Suppose 4*w + u - 11 = -2, 3*w - 10 = -4*u. Let k(t) = -3 + 3*t - 2*t**2 - t**3 + 3*t**3 - t**2. What is the remainder when k(2) is divided by w?
1
Suppose 56 = m + m - 5*l, 3*l = -m + 28. Let o = m - 13. Calculate the remainder when 44 is divided by o.
14
Suppose -m - 228 = -5*i - 12, -3*i = 4*m - 125. Suppose 5*q = -8 + i. What is the remainder when 25 is divided by q?
4
Let w = -69 - -71. Let h(x) = 21*x - 17. Suppose 7 = k - 0. What is the remainder when h(w) is divided by k?
4
Let i = 1058 - 606. What is the remainder when i is divided by 13?
10
Let b(s) = s**2 + 115*s - 349. Calculate the remainder when 2 - ((-51)/3 + 1) is divided by b(3).
3
Suppose 18*x + 32 = 20*x. Calculate the remainder when 30 is divided by x.
14
Let l = 2401 + -2364. Calculate the remainder when 578 is divided by l.
23
Let g = -10 - -18. Let b = 1803 + -1766. Calculate the remainder when b is divided by g.
5
Let a = 323 - 304. Calculate the remainder when 170 is divided by a.
18
Suppose 91*x + 648 = 100*x. Calculate the remainder when x is divided by 43.
29
Let b(n) = 2*n**2 - 10*n - 12. Calculate the remainder when b(-2) is divided by 8.
0
Suppose 3*h - 12 = 0, 2*n + 58 - 2 = 2*h. Let u(r) = 30*r + 1. Let g be u(-1). Let s = n - g. Calculate the remainder when 12 is divided by s.
2
Let j(r) = -2*r + 15. Let b be j(-9). Let c = b + -29. What is the remainder when 6 is divided by c?
2
Let t be (-16)/(-6)*6/4. Suppose -13 = 4*g - 5*h, -h = 3*g + 1 + t. What is the remainder when (10 - 9)/(g/(-4)) is divided by 2?
0
Suppose 6*u - 9 = 3*u. Suppose -5*s = -u - 47. What is the remainder when 49 is divided by s?
9
Let p(z) = 22*z + z**3 - 1 - 8*z**2 - 1 - z - 13*z. Calculate the remainder when p(8) is divided by 33.
29
What is the remainder when 12/2*(-6 + 224/6) is divided by 61?
5
Let b(s) = s**3 - 19*s**2 + 21*s - 48. Let f be b(18). Suppose -4*n = o + 2 - 29, -2*o + 42 = 5*n. Let j = o + f. What is the remainder when 30 is divided by j?
13
Let r(t) = -24 + 69 - 66*t + 57*t. Calculate the remainder when r(-12) is divided by 39.
36
Suppose -c + 1300 = 10*l - 8*l, 4*l = c - 1318. What is the remainder when c is divided by 17?
14
Suppose 259 = 3*t - w, -3*t = -4*t + 2*w + 83. Calculate the remainder when 254 is divided by t.
80
Let g(m) be the second derivative of m**3/3 + 11*m**2/2 - 4*m. Suppose -4*d = -16, -4*d + 4 = 2*v - 12. Calculate the remainder when 42 is divided by g(v).
9
Let b(m) = 4*m - 3. Suppose -125 + 317 = 3*f. Calculate the remainder when f is divided by b(4).
12
Suppose -3*b + 22 = -53. Let n = -131 - -177. What is the remainder when n is divided by b?
21
Suppose 4*a - 44 = -t, -t = -3*a - 2*a + 46. Let y = a - 8. Suppose 0 = -3*l - c + 58, 40 = y*l - 0*l + 2*c. Calculate the remainder when l is divided by 10.
9
Calculate the remainder when (-876)/(-18) + (-2)/3 is divided by 27.
21
Suppose -4 = -7*x + 5*x. Calculate the remainder when 1 is divided by (2 + -3)/(1 - x).
0
Let w = -7 - -16. Suppose 3*g - 1 + 37 = 0. Let z(n) = -n**3 - 12*n**2 - 2*n + 9. Calculate the remainder when z(g) is divided by w.
6
Suppose 61 = 3*x + y, 0*x - 3*y = -4*x + 77. Calculate the remainder when x is divided by 18.
2
Let a(v) = v**2 - v + 2*v - 9 - v. Calculate the remainder when 29 is divided by a(-5).
13
Let y be (-150)/15*2/4. Let v(z) = -z**3 - 5*z**2 - 4*z. Calculate the remainder when 39 is divided by v(y).
19
Let d(h) = h**2 - 3*h. Let j be d(4). Suppose -k + 4 = 0, 0 = -3*m - 2*m - j*k - 4. Let l = m - -13. What is the remainder when 25 is divided by l?
7
Let c(q) = 55*q**2 + 19*q + 14. Suppose v = 4 + 9. What is the remainder when c(-1) is divided by v?
11
Let f(l) = l**3 - 5*l**2 - l + 9. Let x be f(5). Suppose -x*g + 41 + 35 = 0. Calculate the remainder when 75 is divided by g.
18
Suppose -36*c - 392 = -4352. Calculate the remainder when c is divided by 28.
26
Let c be (-5)/(-2)*(-16)/(-40). What is the remainder when (1 + -437)*c/(-4) is divided by 28?
25
Let o = 91 + -96. Calculate the remainder when 96 is divided by (430/25 - 4)/((-2)/o).
30
Let n be (81/6)/1*-2. Let p be (-4)/4*2 - n. Let c = p - 21. What is the remainder when 19 is divided by c?
3
Suppose 185*a - 179*a = 276. What is the remainder when 88 is divided by a?
42
Suppose -2*t - 7*h + 2*h = -19, 0 = -3*t - 5*h + 21. Suppose 5*x - 83 = -5*v + 32, t*x = -8. What is the remainder when v is divided by (42/4)/(3/4)?
13
Let z = 137 - 118. Calculate the remainder when 169 is divided by z.
17
Suppose 4*w + 9*j - 5*j = 1248, -5*w = j - 1548. Calculate the remainder when w is divided by 21.
15
Calculate the remainder when 2 + 50 - (0 - 2) is divided by 11.
10
Suppose 5*k - 463 = -68. Let u = -55 + 95. Calculate the remainder when k is divided by u.
39
What is the remainder when 24/(-204) + (-31625)/(-187) is divided by 91?
78
Suppose -24 = -2*c - 5*x + 17, c = 2*x + 7. Calculate the remainder when 244 is divided by c.
10
Let k be (-30)/(-12) + (-6)/(-4). Suppose k*o + 1 = -2*w + 45, 3 = o. What is the remainder when 79 is divided by w?
15
Let x = 758 + -498. Calculate the remainder when x is divided by 29.
28
Suppose -2*f + 8*m - 7*m + 25 = 0, -f = m - 20. What is the remainder when f is divided by 8?
7
Let m(l) = -l**3 + 8*l**2 - 7*l + 25. Let o be m(7). Let c = o - -24. Calculate the remainder when c is divided by 20.
9
Let r(c) = 32*c**2 - 5*c + 5. What is the remainder when r(3) is divided by 20?
18
Let v(x) = x**3 + 22*x**2 - 26*x - 19. Let o(q) = -q**2 - 22*q. Let p be o(-23). Calculate the remainder when v(p) is divided by 18.
14
Let t = 491 - 473. What is the remainder when 99 is divided by t?
9
Suppose 13*a - 349 = -4*y + 18*a, 3*y - 254 = -4*a. What is the remainder when 342 is divided by y?
84
Suppose -2*o - 20 = -4*c, 2*o + c - 6 = -1. Calculate the remainder when (3 - o)*95/15 is divided by 7.
5
Let x be (63/15 - 4) + (-406)/5. Let c = 96 + x. What is the remainder when 56 is divided by c?
11
Suppose 36 = -4*f + 7*f. What is the remainder when 41 is divided by f?
5
Let y be (3 - -65) + (-1 - 1). Suppose 0 = 3*f - w - y, -f + 5*f - 3*w = 93. Calculate the remainder when f is divided by 6.
3
Let h(q) = q**3 - 34*q**2 + 93*q + 65. Let r = 21 - -1. What is the remainder when h(31) is divided by r?
21
What is the remainder when ((-1)/2)/((-1)/4) is divided by (-364)/(-308) - 12/66?
0
Suppose 0 = -5*i - 5*u + 845, -4*u + 2*u - 338 = -2*i. Suppose 4*o - 181 = -5*m + 3*o, 5*m - i = -4*o. What is the remainder when 142 is divided by m?
31
Let a = -475 - -509. Suppose 3*r = -0*r + 54. What is the remainder when a is divided by r?
16
Let d(c) = 5*c**2 - 5*c. Calculate the remainder when (15/10)/(2/4) + 174 is divided by d(4).
57
Suppose 75*m - 73*m = 370. Calculate the remainder when m is divided by 21.
17
Suppose 8*b - 319 = -119. What is the remainder when 224 is divided by b?
24
Suppose -2*b = -2*i + 60, 0 = 5*i - 2*i + 3*b - 66. What is the remainder when 115 is divided by i?
11
Let u(t) = t**2 + t - 60. What is the remainder when u(13) is divided by 15?
2
What is the remainder when (111/(-333))/((-890)/(-891) + -1) is divided by 108?
81
Suppose 3*k - 9 = 6. Suppose -k*x = -0*x - 100. Let l = 4488 - 4477. Calculate the remainder when x is divided by l.
9
Let n(y) = 2*y - 61. Let p(o) = 7*o - 184. Let f(q) = 17*n(q) - 6*p(q). Suppose w = -3*w + 24. What is the remainder when w is divided by f(8)?
0
Let r(v) = -v**2 - 4*v + 3. Let h be r(-4). Suppose -3*o = h, 2*p + p - 2*o - 20 = 0. Let u = 170 - 154. What is the remainder